{"id":6,"date":"2015-10-19T21:25:53","date_gmt":"2015-10-19T19:25:53","guid":{"rendered":"http:\/\/www.ralf-gantzhorn.de\/fotografie\/?page_id=6"},"modified":"2020-07-08T14:45:14","modified_gmt":"2020-07-08T12:45:14","slug":"vortraege","status":"publish","type":"page","link":"https:\/\/www.ralf-gantzhorn.de\/fotografie\/vortraege\/","title":{"rendered":"Vortr\u00e4ge"},"content":{"rendered":"<p><!--\n<strong><span style=\"display: inline-block; width: 0px; overflow: hidden; line-height: 0;\" data-mce-type=\"bookmark\" class=\"mce_SELRES_start\"><\/span><span style=\"display: inline-block; width: 0px; overflow: hidden; line-height: 0;\" data-mce-type=\"bookmark\" class=\"mce_SELRES_start\"><\/span><span style=\"display: inline-block; width: 0px; overflow: hidden; line-height: 0;\" data-mce-type=\"bookmark\" class=\"mce_SELRES_start\"><\/span><span style=\"display: inline-block; width: 0px; overflow: hidden; line-height: 0;\" data-mce-type=\"bookmark\" class=\"mce_SELRES_start\"><\/span>26. Mai 2016<\/strong>\n\u00bbHimmelsleitern\u00ab\nDAV Halle\nOrt: H\u00f6rsaal des Geologischen Institutes der Martin-Luther-Universit\u00e4t, Seckendorff Platz 3, Halle (Saale)\nBeginn: 19 Uhr\n<a href=\"http:\/\/www.hallescher-alpenverein.de\/joomla\/index.php\/home\/unsere-sektion\/alle-termine-unserer-sektion\/icalrepeat.detail\/2016\/05\/26\/1082\/-\/himmelsleitern-grosse-grate-der-alpen\" target=\"_blank\" rel=\"noopener noreferrer\">Mehr Infos gibt es hier<\/a>\n--><\/p>\n<hr \/>\n<h4>Patagonien | Feuerland<\/h4>\n<figure id=\"attachment_2077\" aria-describedby=\"caption-attachment-2077\" style=\"width: 200px\" class=\"wp-caption alignright\"><img loading=\"lazy\" decoding=\"async\" class=\"wp-image-2077 size-full\" src=\"https:\/\/www.ralf-gantzhorn.de\/fotografie\/wp-content\/uploads\/2017\/11\/plakat_feuerland_v2-1.jpg\" alt=\"Patagonien und Feuerland \u2013 Vom sch\u00f6nsten Ende der Welt\" width=\"200\" height=\"283\" \/><figcaption id=\"caption-attachment-2077\" class=\"wp-caption-text\">Patagonien und Feuerland \u2013 Vom sch\u00f6nsten Ende der Welt<\/figcaption><\/figure>\n<p>Bilder und Erfahrungen aus vielen Jahren Reiseerfahrung vom st\u00fcrmischsten Ende der Welt wiedergibt. Nach einer allgemeinen Einf\u00fchrung \u00fcber Land und Leute werden die f\u00fcr Wanderer und Kletterer interessantesten Ziele vorgestellt. Das umfasst das Seengebiet, die bislang schnellste Besteigung des zweith\u00f6chsten Berges Patagoniens (Cerro San Lorenzo), die bisher einzige Besteigung des Fitz Roy durch ein norddeutsches Team, Einblicke in beide patagonischen Eisfelder und, als H\u00f6hepunkt, die Expeditionen mit dem Segelboot zum Monte Sarmiente in die Darwin-Kordillere im Westen Feuerlands.<\/p>\n<p><strong>Multimedia, Dauer: 60 bzw. 90 min<\/strong><\/p>\n<hr \/>\n<h4>Himmelsleitern<br \/>\nGro\u00dfe Grate der Alpen<\/h4>\n<figure id=\"attachment_2078\" aria-describedby=\"caption-attachment-2078\" style=\"width: 200px\" class=\"wp-caption alignright\"><img loading=\"lazy\" decoding=\"async\" class=\"wp-image-2078 size-full\" src=\"https:\/\/www.ralf-gantzhorn.de\/fotografie\/wp-content\/uploads\/2017\/11\/plakat_himmelsleitern-2.jpg\" alt=\"Plakat zum Vortrag Himmelsleitern - Gro\u00dfe Grate der Alpen\" width=\"200\" height=\"283\" \/><figcaption id=\"caption-attachment-2078\" class=\"wp-caption-text\">Himmelsleitern &#8211; Gro\u00dfe Grate der Alpen<\/figcaption><\/figure>\n<p>Himmelsleitern. Welcher Ausdruck k\u00f6nnte auf treffendere Weise Grattouren umschreiben, die vielleicht sch\u00f6nste Art von Gipfel zu Gipfel zu schreiten &#8211; auf schmalen K\u00e4mmen, ein Tanz \u00fcber dem Abgrund, dem Himmel nahe?<\/p>\n<p>Ralf Gantzhorn, trotz seiner norddeutschen Wurzeln mittlerweile professioneller Bergfotograf, begeistert sich seit Jahren f\u00fcr diese Art des Bergsteigens zwischen Wien und Nizza. Begleitet von einzigartigen und atemberaubenden Bildern werden bekannte und weniger bekannte Berge der Alpen auf spektakul\u00e4ren Wegen bestiegen bzw. besser: \u00fcberschritten. Dabei sind sind unter anderem so ber\u00fchmte Anstiege wie der Nordgrat des Weisshorns, der Kuffnergrat am Mont Blanc oder die \u00dcberschreitung der Bl\u00fcmlisalp, aber auch echte Geheimtipps wie der Blanchetgrat am Breithorn oder der Mittergrat in den Zillertaler Alpen werden in Wort und Bild vorgestellt. Wer sich f\u00fcr klassisches Bergsteigen begeistern kann, wird in diesem Vortrag im wahrsten Sinne des Wortes dem Himmel ein St\u00fcckchen n\u00e4her gebracht. Ein Bilderrausch auf allerh\u00f6chstem Niveau.<\/p>\n<p>Grundlage des Abends ist der von Ralf Gantzhorn im Bergverlag Rother erschienene Bildband \u201eHimmelsleitern\u201c.<\/p>\n<p><strong>Einige Pressestimmen:<\/strong><br \/>\n\u00bbNicht weniger als 50 der sch\u00f6nsten und ber\u00fchmtesten Gratanstiege der Alpen pr\u00e4sentiert dieser herrliche Text-Bild-Band aus dem Bergverlag Rother. Ein Standardwerk f\u00fcr ambitionierte Alpinisten, das sicher f\u00fcr jeden Geschmack mehr als einen Weg in den siebten Bergsteigerhimmel weist.\u00ab &#8211; Alpin<\/p>\n<p>\u00bbEin Gl\u00fccksfall, wenn sich zwei bergsteigende Fotografen des Themas annehmen. Ganz subjektiv haben sie ihre Auswahl an Graten getroffen und sich allein von ihrem Sinn f\u00fcr Sch\u00f6nheit leiten lassen &#8211; zur Freude des Betrachters, der sich mal schaudernd, mal ehrf\u00fcrchtig durch die ihm dargebotene Welt bewegt.\u00bb &#8211; outdoor Magazin<br \/>\noutdoor Magazin &#8211; BUCH DES MONATS 5\/2011<\/p>\n<p>\u00bbEine Augenweide.\u00ab &#8211; S\u00fcdwestpresse<br \/>\n\u00bbDie spektakul\u00e4re Bilder sorgen f\u00fcr einen Adrenalin-Kick.\u00ab \u2013 Oberbayrisches Volksblatt<\/p>\n<p><strong>Multimedia, Dauer: 90 min<br \/>\n<\/strong><\/p>\n<hr \/>\n<h4>Dolomiten<br \/>\nH\u00f6henwege und Wege in der H\u00f6he<\/h4>\n<figure id=\"attachment_193\" aria-describedby=\"caption-attachment-193\" style=\"width: 200px\" class=\"wp-caption alignright\"><img loading=\"lazy\" decoding=\"async\" class=\"size-full wp-image-193\" src=\"https:\/\/www.ralf-gantzhorn.de\/fotografie\/wp-content\/uploads\/2015\/10\/Vortrag-Dolomiten.jpg\" alt=\"Vortrag \u00fcber die Dolomiten\" width=\"200\" height=\"282\" \/><figcaption id=\"caption-attachment-193\" class=\"wp-caption-text\">Vortrag \u00fcber die Dolomiten<\/figcaption><\/figure>\n<p>Steile W\u00e4nde, spektakul\u00e4re Massive, schroffe Zacken: Die Dolomiten sind das wohl sch\u00f6nste Gebirge der Welt. Wo vor 200 Millionen Jahren noch Fische durchs Korallenriff tauchten, finden heute Kletterer ein senkrechtes Paradies von unfassbarer Vielfalt. Zwischen der 1800 Meter hohen Nordwand des Monte Agner und den Kletterg\u00e4rten an den Cinque Torri er\u00f6ffnet sich im UNESCO Weltnaturerbe ein alpines Wunderland mit m\u00e4rchenhaften Einsichten und Ausblicken. Ralf Gantzhorn ist seit nun mehr 30 Jahren auf horizontaler und vertikaler Entdeckungsreise in den Dolomiten unterwegs. Die seiner Meinung nach lohnendsten und eindr\u00fccklichsten Touren stellt er in diesem Vortrag in im wahrsten Sinne des Wortes atemberaubenden Bildern vor. Eine vertikale Entdeckungsreise durch das beste Klettergebirge der Welt.<strong><br \/>\nMultimedia, Dauer: 90 min<\/strong><\/p>\n<hr \/>\n<h4>Schottland<br \/>\nOutdoor-Paradies am Rande Europas.<\/h4>\n<figure id=\"attachment_198\" aria-describedby=\"caption-attachment-198\" style=\"width: 200px\" class=\"wp-caption alignright\"><a href=\"https:\/\/www.ralf-gantzhorn.de\/fotografie\/wp-content\/uploads\/2015\/10\/Vortrag-Schottland1.jpg\"><img loading=\"lazy\" decoding=\"async\" class=\"size-full wp-image-198\" src=\"https:\/\/www.ralf-gantzhorn.de\/fotografie\/wp-content\/uploads\/2015\/10\/Vortrag-Schottland1.jpg\" alt=\"Vortrag \u00fcber Schottland\" width=\"200\" height=\"282\" \/><\/a><figcaption id=\"caption-attachment-198\" class=\"wp-caption-text\">Vortrag \u00fcber Schottland<\/figcaption><\/figure>\n<p>Ob Karomuster, Kilt oder Clan \u2013 Schottland gebiert seit Jahrhunderten eine reiche Auswahl an touristischen Klischees. Doch das Land jenseits des Tweed hat weit mehr zu bieten als alte Burgen und d\u00fcstere Whisky-Destillen. Die von Sonne, Nebel, Wind und Regen in oft unwirklich sch\u00f6nes Licht getauchten Highlands bieten eine unersch\u00f6pfliche Spielwiese f\u00fcr Outoor-Aktivit\u00e4ten aller Art. Ob Eisklettern am Ben Nevis, gem\u00fctliche Strandwanderungen auf den \u00c4u\u00dferen Hebriden oder mehrt\u00e4gige Trekkingtouren in den menschenleeren Cairngorms. Schottland ist ein Traumziel f\u00fcr alle Jahreszeiten.<\/p>\n<p>Ralf Gantzhorn hat zusammengerechnet \u00fcber zwei Jahre in Schottland verbracht und die \u00bbBens und Glens\u00ab sowohl vertikal als auch horizontal erkundet. Dieser Vortrag zeigt Schottland aus der Sicht des Wanderers und Kletterers, wie man es in dieser Form noch nicht gesehen hat. Die fantastischen Bilder machen Lust, sofort den Rucksack zu packen und in die Highlands zu ziehen. Schottland, so nah und so unbekannt.<br \/>\n<strong><br \/>\nMultimedia, Dauer: 90 min<\/strong><\/p>\n<hr \/>\n<h4>Monte Sarmiento<br \/>\nDie weisse Diva<\/h4>\n<figure id=\"attachment_198\" aria-describedby=\"caption-attachment-198\" style=\"width: 200px\" class=\"wp-caption alignright\"><a href=\"https:\/\/www.ralf-gantzhorn.de\/fotografie\/wp-content\/uploads\/2018\/04\/14649-MonteSarmiento-2_web.jpg\"><img loading=\"lazy\" decoding=\"async\" class=\"size-full wp-image-198\" src=\"https:\/\/www.ralf-gantzhorn.de\/fotografie\/wp-content\/uploads\/2018\/04\/14649-MonteSarmiento-2_web.jpg\" alt=\"Vortrag \u00fcber den Monte Sarmiento\" width=\"200\" height=\"282\" \/><\/a><figcaption id=\"caption-attachment-198\" class=\"wp-caption-text\">Vortrag \u00fcber den Monte Sarmiento<\/figcaption><\/figure>\n<p>Ganz unten, am sturmumtosten Zipfel von S\u00fcdamerika, noch hinter dem Fitz Roy und den Torres del Paine, steht ein Berg. Stets von Wolken in ein dunkles Geheimnis geh\u00fcllt, ist er nur selten zu sehen. Doch denjenigen, den er sich zeigt, die k\u00f6nnen nie wieder von ihm los lassen, die kommen stets zur\u00fcck. So \u00e4hnlich mu\u00df es dem Fotografen Ralf Gantzhorn gehen, der seit 1999 schon sieben Mal eine Expedition in den Westen von Chilenisch Feuerland organisiert hat. Sieben Mal fuhr er mit dem Segelboot in eine Gegend, die auch heue noch auf den meisten Karten als \u201eInexplorado\u201c (unerforscht) bezeichnet ist.<\/p>\n<p>Dieser Vortrag erz\u00e4hlt von den verschiedenen Fahrten in Wort, Film und Bild. Er berichtet vom Scheitern am Berg im gnadenlosem Sturm. Von Erfolgen auf surreal wirkenden Gipfeln wie in einer Fantasy Kulisse. Er begeistert aber vor allen Dingen durch seine Bilder von einer einzigartigen Natur. Feuerland ist einer der wenigen vom Menschen nie umgewandelten Gegenden der Welt. Hier hat sich eine Flora und Fauna entwickelt, die eher an japanische G\u00e4rten erinnert als an raue, unangetastete Wildnis: Immergr\u00fcner Regenwald steht direkt neben in das Meer kalbenden Gletschern, Wale und Delfine ziehen durch enge Gebirgsfjorde. In unfassbar sch\u00f6nen und gleichzeitug ber\u00fchrenden Bildern gibt Gantzhorn Einblick in diese faszienierende Welt am Ende der Welt. Ein Vortrag, der niemanden auch nur eine Sekunde lang am Sinn der Sch\u00f6pfung zweifeln l\u00e4\u00dft.<\/p>\n<p><iframe loading=\"lazy\" src=\"https:\/\/www.youtube.com\/embed\/XPWVK7jF69w\" width=\"783\" height=\"441\" frameborder=\"0\" allowfullscreen=\"allowfullscreen\"><\/iframe><\/p>\n<p><strong>Multimedia, Dauer: 90 min<\/strong><\/p>\n<hr \/>\n<h4>Schweiz Alpin<br \/>\nDie sch\u00f6nsten Touren zwischen Engadin und Mont Blanc<\/h4>\n<figure id=\"attachment_2297\" aria-describedby=\"caption-attachment-2297\" style=\"width: 244px\" class=\"wp-caption alignright\"><img loading=\"lazy\" decoding=\"async\" class=\"wp-image-2297 size-medium\" src=\"https:\/\/www.ralf-gantzhorn.de\/fotografie\/wp-content\/uploads\/2018\/04\/2246-Salbit_Gipfelnadel_web-244x163.jpg\" alt=\"Salbit Gipfelnadel\" width=\"244\" height=\"163\" srcset=\"https:\/\/www.ralf-gantzhorn.de\/fotografie\/wp-content\/uploads\/2018\/04\/2246-Salbit_Gipfelnadel_web-244x163.jpg 244w, https:\/\/www.ralf-gantzhorn.de\/fotografie\/wp-content\/uploads\/2018\/04\/2246-Salbit_Gipfelnadel_web-768x512.jpg 768w, https:\/\/www.ralf-gantzhorn.de\/fotografie\/wp-content\/uploads\/2018\/04\/2246-Salbit_Gipfelnadel_web-1024x683.jpg 1024w, https:\/\/www.ralf-gantzhorn.de\/fotografie\/wp-content\/uploads\/2018\/04\/2246-Salbit_Gipfelnadel_web.jpg 1500w\" sizes=\"auto, (max-width: 244px) 100vw, 244px\" \/><figcaption id=\"caption-attachment-2297\" class=\"wp-caption-text\">Vortrag \u00fcber die Schweizer Alpen<\/figcaption><\/figure>\n<p>Die Schweiz. Im Herzen Europas gelegen gilt sie als Inbegriff einer sch\u00f6nen Landschaft. Und sie bietet auf engstem Raum Alles was das alpine Herz und des Kletterers H\u00e4nde begehren: Steiler Firn, griffiger Fels, luftige Grate, phantastische Ausblicke und gro\u00dfartige Panoramen. Kein Wunder also, dass die Schweizer Alpen ein Magnet f\u00fcr Bergsteiger aus aller Welt sind. Ob der Zmuttgrat am Matterhorn, die \u00dcberschreitung des Eigers oder die Nordwand des Biz Badile, die Liste der Traumtouren ist endlos und zieht Alpinisten seit jeher in das kleine Land in der Mitte Europas.<\/p>\n<p>Der bekannte Fotograf und Bergsteiger Ralf Gantzhorn hat in den letzten 10 Jahren fast jeden Sommer in der Schweiz verbracht um die sch\u00f6nsten Touren mit seiner Kamera festzuhalten. Herausgekommen ist ein einzigartiger Vortrag \u00fcber die alpinen Highlights bei den Eidgenossen. Der Vortrag l\u00e4\u00dft zwischen dem Bianco-Grat im Osten \u00fcber den Granit am Salbitschijn bis hin zu den gro\u00dfen Viertausendern im Westen kaum einen alpinen Wunschtraum offen. Aber es werden nicht nur die gro\u00dfen und nahmhaften Touren gezeigt, auch das kleine Erlebnis zwischendurch f\u00fcr Vater und Kind bekommt seinen Raum. Die phantastischen Fotos, die neben der erhabenen Landschaft auch die Dramatik des Momentes einfangen, verschaffen einen Einblick in die Sp\u00e4hre h\u00f6chsten Bergsteigergl\u00fccks. Dieser Vortrag l\u00e4dt ein zum tr\u00e4umen \u2013 und gibt doch real Informationen zu den sch\u00f6nsten Touren zwischen Engadin und Mont Blanc.<\/p>\n<p><strong>Multimedia, Dauer: 90 min<\/strong><\/p>\n","protected":false},"excerpt":{"rendered":"<p>Patagonien | Feuerland Bilder und Erfahrungen aus vielen Jahren Reiseerfahrung vom st\u00fcrmischsten Ende der Welt wiedergibt. Nach einer allgemeinen Einf\u00fchrung \u00fcber Land und Leute werden<\/p>\n","protected":false},"author":1,"featured_media":882,"parent":0,"menu_order":4,"comment_status":"closed","ping_status":"closed","template":"","meta":{"footnotes":""},"class_list":["post-6","page","type-page","status-publish","has-post-thumbnail","hentry"],"_links":{"self":[{"href":"https:\/\/www.ralf-gantzhorn.de\/fotografie\/wp-json\/wp\/v2\/pages\/6","targetHints":{"allow":["GET"]}}],"collection":[{"href":"https:\/\/www.ralf-gantzhorn.de\/fotografie\/wp-json\/wp\/v2\/pages"}],"about":[{"href":"https:\/\/www.ralf-gantzhorn.de\/fotografie\/wp-json\/wp\/v2\/types\/page"}],"author":[{"embeddable":true,"href":"https:\/\/www.ralf-gantzhorn.de\/fotografie\/wp-json\/wp\/v2\/users\/1"}],"replies":[{"embeddable":true,"href":"https:\/\/www.ralf-gantzhorn.de\/fotografie\/wp-json\/wp\/v2\/comments?post=6"}],"version-history":[{"count":145,"href":"https:\/\/www.ralf-gantzhorn.de\/fotografie\/wp-json\/wp\/v2\/pages\/6\/revisions"}],"predecessor-version":[{"id":2675,"href":"https:\/\/www.ralf-gantzhorn.de\/fotografie\/wp-json\/wp\/v2\/pages\/6\/revisions\/2675"}],"wp:featuredmedia":[{"embeddable":true,"href":"https:\/\/www.ralf-gantzhorn.de\/fotografie\/wp-json\/wp\/v2\/media\/882"}],"wp:attachment":[{"href":"https:\/\/www.ralf-gantzhorn.de\/fotografie\/wp-json\/wp\/v2\/media?parent=6"}],"curies":[{"name":"wp","href":"https:\/\/api.w.org\/{rel}","templated":true}]}}